{"id":7,"date":"2020-05-20T14:32:09","date_gmt":"2020-05-20T14:32:09","guid":{"rendered":"https:\/\/m365-boutique.fr\/panier"},"modified":"2021-09-11T20:05:38","modified_gmt":"2021-09-11T18:05:38","slug":"panier","status":"publish","type":"page","link":"https:\/\/m365-boutique.fr\/?page_id=7","title":{"rendered":"Panier"},"content":{"rendered":"<div class=\"woocommerce\"><div class=\"woocommerce-notices-wrapper\"><\/div><div class=\"wc-empty-cart-message\">\n\t<div class=\"cart-empty woocommerce-info\" role=\"status\">\n\t\tVotre panier est actuellement vide.\t<\/div>\n<\/div>\t<p class=\"return-to-shop\">\n\t\t<a class=\"button wc-backward\" href=\"https:\/\/m365-boutique.fr\/?page_id=6\">\n\t\t\tRetour \u00e0 la boutique\t\t<\/a>\n\t<\/p>\n<\/div>\n\n\n\n<figure class=\"wp-block-image size-full\"><img loading=\"lazy\" decoding=\"async\" width=\"479\" height=\"150\" src=\"https:\/\/m365-boutique.fr\/wp-content\/uploads\/2021\/08\/EC78A005-F916-4B28-9E9E-BEE180F99776.jpeg\" alt=\"\" class=\"wp-image-1261\" srcset=\"https:\/\/m365-boutique.fr\/wp-content\/uploads\/2021\/08\/EC78A005-F916-4B28-9E9E-BEE180F99776.jpeg 479w, https:\/\/m365-boutique.fr\/wp-content\/uploads\/2021\/08\/EC78A005-F916-4B28-9E9E-BEE180F99776-450x141.jpeg 450w, https:\/\/m365-boutique.fr\/wp-content\/uploads\/2021\/08\/EC78A005-F916-4B28-9E9E-BEE180F99776-300x94.jpeg 300w\" sizes=\"auto, (max-width: 479px) 100vw, 479px\" \/><figcaption>                             <strong>Commander en toute s\u00e9curit\u00e9 sur m365-boutique<\/strong><\/figcaption><\/figure>\n\n\n\n<div class=\"wp-block-image\"><figure class=\"aligncenter size-full\"><img loading=\"lazy\" decoding=\"async\" width=\"284\" height=\"152\" src=\"https:\/\/m365-boutique.fr\/wp-content\/uploads\/2021\/08\/2663A588-1445-4CD1-B093-9A97C849251D.jpeg\" alt=\"\" class=\"wp-image-1271\" srcset=\"https:\/\/m365-boutique.fr\/wp-content\/uploads\/2021\/08\/2663A588-1445-4CD1-B093-9A97C849251D.jpeg 284w, https:\/\/m365-boutique.fr\/wp-content\/uploads\/2021\/08\/2663A588-1445-4CD1-B093-9A97C849251D-112x60.jpeg 112w, https:\/\/m365-boutique.fr\/wp-content\/uploads\/2021\/08\/2663A588-1445-4CD1-B093-9A97C849251D-168x90.jpeg 168w\" sizes=\"auto, (max-width: 284px) 100vw, 284px\" \/><\/figure><\/div>\n\n\n\n<div class=\"cr-trustbadgef\"><div class=\"cr-badge badge-vs badge_size_wide badge_color_dark cr-trustbadge-border\" style=\"background-color:#373737;\">\n\n\t<div class=\"cr-badge-vs-flex\">\n\n\t\t<div class=\"badge__logo\"><\/div>\n\n\t\t<div class=\"badge__info badge__nowrap\">\n\n\t\t\t<div class=\"badge__store\">M365-BOUTIQUE.FR<\/div>\n\n\t\t\t\t<div class=\"badge__details\">\n\n\t\t\t\t\t<div class=\"badge__rating-container\">\n\n\t\t\t\t\t\t\n\t\t\t\t\t\t<div class=\"badge__rating-line\">\n\t\t\t\t\t\t\t<div class=\"badge__rating rating\">\n\t\t\t\t\t\t\t\t<span>\u00e9valuation du produit<\/span><span>4.22 \/ 5<\/span>\n\t\t\t\t\t\t\t<\/div>\n\t\t\t\t\t\t\t<div class=\"badge__stars\">\n\t\t\t\t\t\t\t\t\t\t\t\t\t\t\t\t\t<div class=\"badge__star\">\n\t\t\t\t\t\t\t\t\t\t<div class=\"badge__star-icon badge__star-icon--empty\"><\/div>\n\t\t\t\t\t\t\t\t\t\t<div class=\"badge__star-icon badge__star-icon--fill\" style=\"width: 100%\"><\/div>\n\t\t\t\t\t\t\t\t\t<\/div>\n\t\t\t\t\t\t\t\t\t\t\t\t\t\t\t\t\t<div class=\"badge__star\">\n\t\t\t\t\t\t\t\t\t\t<div class=\"badge__star-icon badge__star-icon--empty\"><\/div>\n\t\t\t\t\t\t\t\t\t\t<div class=\"badge__star-icon badge__star-icon--fill\" style=\"width: 100%\"><\/div>\n\t\t\t\t\t\t\t\t\t<\/div>\n\t\t\t\t\t\t\t\t\t\t\t\t\t\t\t\t\t<div class=\"badge__star\">\n\t\t\t\t\t\t\t\t\t\t<div class=\"badge__star-icon badge__star-icon--empty\"><\/div>\n\t\t\t\t\t\t\t\t\t\t<div class=\"badge__star-icon badge__star-icon--fill\" style=\"width: 100%\"><\/div>\n\t\t\t\t\t\t\t\t\t<\/div>\n\t\t\t\t\t\t\t\t\t\t\t\t\t\t\t\t\t<div class=\"badge__star\">\n\t\t\t\t\t\t\t\t\t\t<div class=\"badge__star-icon badge__star-icon--empty\"><\/div>\n\t\t\t\t\t\t\t\t\t\t<div class=\"badge__star-icon badge__star-icon--fill\" style=\"width: 100%\"><\/div>\n\t\t\t\t\t\t\t\t\t<\/div>\n\t\t\t\t\t\t\t\t\t\t\t\t\t\t\t\t\t<div class=\"badge__star\">\n\t\t\t\t\t\t\t\t\t\t<div class=\"badge__star-icon badge__star-icon--empty\"><\/div>\n\t\t\t\t\t\t\t\t\t\t<div class=\"badge__star-icon badge__star-icon--fill\" style=\"width: 22%\"><\/div>\n\t\t\t\t\t\t\t\t\t<\/div>\n\t\t\t\t\t\t\t\t\t\t\t\t\t\t\t<\/div>\n\t\t\t\t\t\t<\/div>\n\t\t\t\t\t<\/div>\n\n\t\t\t\t\t<div class=\"badge__reviews\">\n\t\t\t\t\t\t229 avis\t\t\t\t\t<\/div>\n\t\t\t\t<\/div>\n\t\t<\/div>\n\n\t<\/div>\n\n\t\t\t<a href=\"https:\/\/www.cusrev.com\/fr\/reviews\/m365-boutique.fr\" rel=\"nofollow noopener noreferrer\" target=\"_blank\" aria-label=\"M365-BOUTIQUE.FR\">\n\t\t\t<span class=\"badge__link\"><\/span>\n\t\t<\/a>\n\t\n<\/div>\n<\/div>\n","protected":false},"excerpt":{"rendered":"","protected":false},"author":1,"featured_media":0,"parent":0,"menu_order":0,"comment_status":"closed","ping_status":"closed","template":"","meta":{"footnotes":""},"class_list":["post-7","page","type-page","status-publish","hentry"],"aioseo_notices":[],"jetpack-related-posts":[{"id":8,"url":"https:\/\/m365-boutique.fr\/?page_id=8","url_meta":{"origin":7,"position":0},"title":"Validation de la commande","author":"m365boutique","date":"20 mai 2020","format":false,"excerpt":"Commander en toute s\u00e9curit\u00e9 sur m365-boutique","rel":"","context":"Article similaire","block_context":{"text":"Article similaire","link":""},"img":{"alt_text":"","src":"https:\/\/i0.wp.com\/m365-boutique.fr\/wp-content\/uploads\/2021\/08\/D61CAEE9-1DEE-47C2-9CCF-0C96DA841A83.jpeg?resize=350%2C200&ssl=1","width":350,"height":200},"classes":[]},{"id":10,"url":"https:\/\/m365-boutique.fr\/?page_id=10","url_meta":{"origin":7,"position":1},"title":"Page d&#8217;accueil","author":"m365boutique","date":"20 mai 2020","format":false,"excerpt":"Bienvenue sur la Boutique M365 Frais de port OFFERT d\u00e8s 99 \u20ac d'ACHATS \ud83c\uddeb\ud83c\uddf7- 10 % AVEC LE CODE PROMO : 2025\ud83c\uddeb\ud83c\uddf7 Faire des achats Nouveaux Produits Commander en toute s\u00e9curit\u00e9 sur m365-boutique","rel":"","context":"Article similaire","block_context":{"text":"Article similaire","link":""},"img":{"alt_text":"","src":"https:\/\/i0.wp.com\/m365-boutique.fr\/wp-content\/uploads\/2020\/05\/other-small.jpg?resize=350%2C200&ssl=1","width":350,"height":200,"srcset":"https:\/\/i0.wp.com\/m365-boutique.fr\/wp-content\/uploads\/2020\/05\/other-small.jpg?resize=350%2C200&ssl=1 1x, https:\/\/i0.wp.com\/m365-boutique.fr\/wp-content\/uploads\/2020\/05\/other-small.jpg?resize=525%2C300&ssl=1 1.5x, https:\/\/i0.wp.com\/m365-boutique.fr\/wp-content\/uploads\/2020\/05\/other-small.jpg?resize=700%2C400&ssl=1 2x, https:\/\/i0.wp.com\/m365-boutique.fr\/wp-content\/uploads\/2020\/05\/other-small.jpg?resize=1050%2C600&ssl=1 3x, https:\/\/i0.wp.com\/m365-boutique.fr\/wp-content\/uploads\/2020\/05\/other-small.jpg?resize=1400%2C800&ssl=1 4x"},"classes":[]},{"id":3,"url":"https:\/\/m365-boutique.fr\/?page_id=3","url_meta":{"origin":7,"position":2},"title":"CGV","author":"m365boutique","date":"20 mai 2020","format":false,"excerpt":"CONDITIONS G\u00c9N\u00c9RALES DE VENTE ET D\u2019UTILISATION \u2014- VUE D\u2019ENSEMBLE Ce site web est exploit\u00e9 par M365-BOUTIQUE.FR . Sur ce site, les termes \u201cnous\u201d, \u201cnotre\u201d et \u201cnos\u201d font r\u00e9f\u00e9rence \u00e0 M365-BOUTIQUE.FR . M365-BOUTIQUE.FR propose ce site web, y compris toutes les informations, tous les outils et tous les services qui y\u2026","rel":"","context":"Article similaire","block_context":{"text":"Article similaire","link":""},"img":{"alt_text":"","src":"","width":0,"height":0},"classes":[]},{"id":6,"url":"https:\/\/m365-boutique.fr\/?page_id=6","url_meta":{"origin":7,"position":3},"title":"Boutique","author":"m365boutique","date":"20 mai 2020","format":false,"excerpt":"","rel":"","context":"Article similaire","block_context":{"text":"Article similaire","link":""},"img":{"alt_text":"","src":"","width":0,"height":0},"classes":[]},{"id":52,"url":"https:\/\/m365-boutique.fr\/?page_id=52","url_meta":{"origin":7,"position":4},"title":"BOUTIQUE","author":"m365boutique","date":"20 mai 2020","format":false,"excerpt":"","rel":"","context":"Article similaire","block_context":{"text":"Article similaire","link":""},"img":{"alt_text":"","src":"","width":0,"height":0},"classes":[]},{"id":4,"url":"https:\/\/m365-boutique.fr\/?page_id=4","url_meta":{"origin":7,"position":5},"title":"Bienvenue sur https:\/\/m365-boutique.fr","author":"m365boutique","date":"20 mai 2020","format":false,"excerpt":"Voici votre page d'accueil. C'est diff\u00e9rent d'un article de blog parce qu'elle restera au m\u00eame endroit et appara\u00eetra dans la navigation de votre site (dans la plupart des th\u00e8mes). En tant qu'utilisateur ou utilisatrice connect\u00e9\u00b7e \u00e0 WordPress, vous pouvez modifier cette page en cliquant sur le bouton Modifier la page\u2026","rel":"","context":"Article similaire","block_context":{"text":"Article similaire","link":""},"img":{"alt_text":"","src":"","width":0,"height":0},"classes":[]}],"jetpack_sharing_enabled":true,"amp_enabled":true,"_links":{"self":[{"href":"https:\/\/m365-boutique.fr\/index.php?rest_route=\/wp\/v2\/pages\/7","targetHints":{"allow":["GET"]}}],"collection":[{"href":"https:\/\/m365-boutique.fr\/index.php?rest_route=\/wp\/v2\/pages"}],"about":[{"href":"https:\/\/m365-boutique.fr\/index.php?rest_route=\/wp\/v2\/types\/page"}],"author":[{"embeddable":true,"href":"https:\/\/m365-boutique.fr\/index.php?rest_route=\/wp\/v2\/users\/1"}],"replies":[{"embeddable":true,"href":"https:\/\/m365-boutique.fr\/index.php?rest_route=%2Fwp%2Fv2%2Fcomments&post=7"}],"version-history":[{"count":9,"href":"https:\/\/m365-boutique.fr\/index.php?rest_route=\/wp\/v2\/pages\/7\/revisions"}],"predecessor-version":[{"id":1368,"href":"https:\/\/m365-boutique.fr\/index.php?rest_route=\/wp\/v2\/pages\/7\/revisions\/1368"}],"wp:attachment":[{"href":"https:\/\/m365-boutique.fr\/index.php?rest_route=%2Fwp%2Fv2%2Fmedia&parent=7"}],"curies":[{"name":"wp","href":"https:\/\/api.w.org\/{rel}","templated":true}]}}