{"id":1869,"date":"2022-05-08T23:38:28","date_gmt":"2022-05-08T21:38:28","guid":{"rendered":"https:\/\/m365-boutique.fr\/produit\/extension-de-guidon-pour-trottinette-electrique"},"modified":"2022-07-18T22:11:47","modified_gmt":"2022-07-18T20:11:47","slug":"extension-de-guidon-pour-trottinette-electrique","status":"publish","type":"product","link":"https:\/\/m365-boutique.fr\/?product=extension-de-guidon-pour-trottinette-electrique","title":{"rendered":"Extension de guidon pour trottinette \u00e9lectrique"},"content":{"rendered":"<p>Extension de guidon en aluminium pour tous mod\u00e8les de trottinette \u00e9lectrique. Id\u00e9al pour installer des \u00e9quipements suppl\u00e9mentaires ( smartphone, klaxon, lampes, gps ) sur votre guidon d&#8217;origine.<\/p>\n<p>Dimension : 20 x 2.22 x 9.5 cm<\/p>\n<p>Couleur : Noir<\/p>\n","protected":false},"excerpt":{"rendered":"<p>Extension de guidon en aluminium pour tous mod\u00e8les de trottinette \u00e9lectrique. Id\u00e9al pour installer des \u00e9quipements suppl\u00e9mentaires ( smartphone, klaxon, lampes, gps ) sur votre guidon d&#8217;origine. Dimension : 20 x 2.22 x 9.5 cm Couleur : Noir<\/p>\n","protected":false},"featured_media":1867,"comment_status":"open","ping_status":"closed","template":"","meta":[],"product_brand":[],"product_cat":[19],"product_tag":[],"class_list":{"0":"post-1869","1":"product","2":"type-product","3":"status-publish","4":"has-post-thumbnail","6":"product_cat-boutique","8":"first","9":"instock","10":"sale","11":"purchasable","12":"product-type-simple"},"aioseo_notices":[],"jetpack-related-posts":[{"id":1187,"url":"https:\/\/m365-boutique.fr\/?product=extension-de-guidon-monorim-pour-xiaomi-m365-m365-pro-essential-1s-mi-scooter-3","url_meta":{"origin":1869,"position":0},"title":"Extension de guidon Monorim pour Xiaomi M365\/M365 Pro\/Essential\/1S\/Mi Scooter 3","author":"m365boutique","date":"27 juillet 2021","format":false,"excerpt":"Extension de guidon Monorin pour Xiaomi M365 \/ M365 Pro \/ Essential \/ 1S \/ Mi Scooter 3 S'installe sur tous les mod\u00e8les de trottinette Xiaomi, elle permet de rehausser votre potence d'environ 5cm. Parfait pour les personnes de grande taille et pour plus de stabilit\u00e9.","rel":"","context":"Avec 1 commentaire","block_context":{"text":"Avec 1 commentaire","link":"https:\/\/m365-boutique.fr\/?product=extension-de-guidon-monorim-pour-xiaomi-m365-m365-pro-essential-1s-mi-scooter-3#comments"},"img":{"alt_text":"","src":"https:\/\/i0.wp.com\/m365-boutique.fr\/wp-content\/uploads\/2021\/07\/img_5546-2.jpeg?resize=350%2C200&ssl=1","width":350,"height":200,"srcset":"https:\/\/i0.wp.com\/m365-boutique.fr\/wp-content\/uploads\/2021\/07\/img_5546-2.jpeg?resize=350%2C200&ssl=1 1x, https:\/\/i0.wp.com\/m365-boutique.fr\/wp-content\/uploads\/2021\/07\/img_5546-2.jpeg?resize=525%2C300&ssl=1 1.5x, https:\/\/i0.wp.com\/m365-boutique.fr\/wp-content\/uploads\/2021\/07\/img_5546-2.jpeg?resize=700%2C400&ssl=1 2x, https:\/\/i0.wp.com\/m365-boutique.fr\/wp-content\/uploads\/2021\/07\/img_5546-2.jpeg?resize=1050%2C600&ssl=1 3x"},"classes":[]},{"id":3379,"url":"https:\/\/m365-boutique.fr\/?product=tete-de-guidon-pour-xiaomi-m365-m365-pro-essential-1s-mi-scooter-3","url_meta":{"origin":1869,"position":1},"title":"T\u00eate de guidon pour Xiaomi M365\/M365 Pro\/Essential\/1S\/Mi Scooter 3","author":"m365boutique","date":"29 septembre 2023","format":false,"excerpt":"T\u00eate de guidon pour trottinette Xiaomi M365 \/ M365 Pro \/ Essential \/ 1S \/ Mi Scooter 3. Pieces faisant partie du guidon, installation facile.","rel":"","context":"Article similaire","block_context":{"text":"Article similaire","link":""},"img":{"alt_text":"","src":"https:\/\/i0.wp.com\/m365-boutique.fr\/wp-content\/uploads\/2023\/09\/img_0019.png?resize=350%2C200&ssl=1","width":350,"height":200},"classes":[]},{"id":221,"url":"https:\/\/m365-boutique.fr\/?product=guidon-enfant-pour-xiaomi-m365-m365-pro-essential-1s-mi-scooter-3","url_meta":{"origin":1869,"position":2},"title":"Guidon enfant pour Xiaomi M365\/M365 Pro\/Essential\/1S\/Mi Scooter 3","author":"m365boutique","date":"23 mai 2020","format":false,"excerpt":"Guidon pour enfant adapt\u00e9 \u00e0 la trottinette Xiaomi M365 \/ M365 Pro \/ Essential \/ 1S \/ Mi Scooter 3 Id\u00e9al pour les balades avec son enfant \u00a0","rel":"","context":"Avec 8 commentaires","block_context":{"text":"Avec 8 commentaires","link":"https:\/\/m365-boutique.fr\/?product=guidon-enfant-pour-xiaomi-m365-m365-pro-essential-1s-mi-scooter-3#comments"},"img":{"alt_text":"","src":"https:\/\/i0.wp.com\/m365-boutique.fr\/wp-content\/uploads\/2020\/05\/7CF94219-5985-4AC3-AA6D-1F19408FFBBE.jpeg?resize=350%2C200&ssl=1","width":350,"height":200,"srcset":"https:\/\/i0.wp.com\/m365-boutique.fr\/wp-content\/uploads\/2020\/05\/7CF94219-5985-4AC3-AA6D-1F19408FFBBE.jpeg?resize=350%2C200&ssl=1 1x, https:\/\/i0.wp.com\/m365-boutique.fr\/wp-content\/uploads\/2020\/05\/7CF94219-5985-4AC3-AA6D-1F19408FFBBE.jpeg?resize=525%2C300&ssl=1 1.5x, https:\/\/i0.wp.com\/m365-boutique.fr\/wp-content\/uploads\/2020\/05\/7CF94219-5985-4AC3-AA6D-1F19408FFBBE.jpeg?resize=700%2C400&ssl=1 2x, https:\/\/i0.wp.com\/m365-boutique.fr\/wp-content\/uploads\/2020\/05\/7CF94219-5985-4AC3-AA6D-1F19408FFBBE.jpeg?resize=1050%2C600&ssl=1 3x"},"classes":[]},{"id":3376,"url":"https:\/\/m365-boutique.fr\/?product=guidon-pour-xiaomi-m365-m365-pro-essential-1s-mi-scooter-3","url_meta":{"origin":1869,"position":3},"title":"Guidon pour Xiaomi M365\/M365 Pro\/Essential\/1S\/Mi Scooter 3","author":"m365boutique","date":"29 septembre 2023","format":false,"excerpt":"Guidon pour trottinette Xiaomi M365 \/ M365 Pro \/ Essential \/ 1S \/ Mi Scooter 3. Dimension identique a l'original, facile d'installation.","rel":"","context":"Article similaire","block_context":{"text":"Article similaire","link":""},"img":{"alt_text":"","src":"https:\/\/i0.wp.com\/m365-boutique.fr\/wp-content\/uploads\/2023\/09\/img_0096.jpeg?resize=350%2C200&ssl=1","width":350,"height":200},"classes":[]},{"id":233,"url":"https:\/\/m365-boutique.fr\/?product=garde-boue-arriere-pour-xiaomi-m365-m365-pro","url_meta":{"origin":1869,"position":4},"title":"Garde boue arri\u00e8re pour Xiaomi M365\/M365 Pro","author":"m365boutique","date":"24 mai 2020","format":false,"excerpt":"Garde boue arri\u00e8re pour trottinette Xiaomi M365 & M365 Pro avec accroche guidon, sans feu arri\u00e8re. COULEUR : NOIR OU BLANC","rel":"","context":"Avec 27 commentaires","block_context":{"text":"Avec 27 commentaires","link":"https:\/\/m365-boutique.fr\/?product=garde-boue-arriere-pour-xiaomi-m365-m365-pro#comments"},"img":{"alt_text":"","src":"https:\/\/i0.wp.com\/m365-boutique.fr\/wp-content\/uploads\/2020\/05\/18108626-64C6-4068-92EF-AA0441AFB3A1.jpeg?resize=350%2C200&ssl=1","width":350,"height":200,"srcset":"https:\/\/i0.wp.com\/m365-boutique.fr\/wp-content\/uploads\/2020\/05\/18108626-64C6-4068-92EF-AA0441AFB3A1.jpeg?resize=350%2C200&ssl=1 1x, https:\/\/i0.wp.com\/m365-boutique.fr\/wp-content\/uploads\/2020\/05\/18108626-64C6-4068-92EF-AA0441AFB3A1.jpeg?resize=525%2C300&ssl=1 1.5x, https:\/\/i0.wp.com\/m365-boutique.fr\/wp-content\/uploads\/2020\/05\/18108626-64C6-4068-92EF-AA0441AFB3A1.jpeg?resize=700%2C400&ssl=1 2x, https:\/\/i0.wp.com\/m365-boutique.fr\/wp-content\/uploads\/2020\/05\/18108626-64C6-4068-92EF-AA0441AFB3A1.jpeg?resize=1050%2C600&ssl=1 3x"},"classes":[]},{"id":396,"url":"https:\/\/m365-boutique.fr\/?product=sacoche-pour-trottinette-electrique","url_meta":{"origin":1869,"position":5},"title":"Sacoche pour trottinette \u00e9lectrique","author":"m365boutique","date":"6 juillet 2020","format":false,"excerpt":"Sacoche pour tous mod\u00e8les de trottinette \u00e9lectrique. Id\u00e9al pour ranger des petits objets du quotidien lors de l\u2019utilisation de la trottinette. Mat\u00e9riau\u202f: EVA Etanche Capacit\u00e9\u202f: 3L Compatible avec Xiaomi Mijia M365 \/ M365 Pro \/Essential \/ S1 et \u00e9galement d\u2019autres scooters \u00e9lectriques Fixations par 3 bandes scratch, montage rapide.","rel":"","context":"Avec 2 commentaires","block_context":{"text":"Avec 2 commentaires","link":"https:\/\/m365-boutique.fr\/?product=sacoche-pour-trottinette-electrique#comments"},"img":{"alt_text":"","src":"https:\/\/i0.wp.com\/m365-boutique.fr\/wp-content\/uploads\/2020\/07\/8A90FEE6-4C52-4C5A-B9FF-B9C5AA2FE3B5.jpeg?resize=350%2C200&ssl=1","width":350,"height":200,"srcset":"https:\/\/i0.wp.com\/m365-boutique.fr\/wp-content\/uploads\/2020\/07\/8A90FEE6-4C52-4C5A-B9FF-B9C5AA2FE3B5.jpeg?resize=350%2C200&ssl=1 1x, https:\/\/i0.wp.com\/m365-boutique.fr\/wp-content\/uploads\/2020\/07\/8A90FEE6-4C52-4C5A-B9FF-B9C5AA2FE3B5.jpeg?resize=525%2C300&ssl=1 1.5x, https:\/\/i0.wp.com\/m365-boutique.fr\/wp-content\/uploads\/2020\/07\/8A90FEE6-4C52-4C5A-B9FF-B9C5AA2FE3B5.jpeg?resize=700%2C400&ssl=1 2x, https:\/\/i0.wp.com\/m365-boutique.fr\/wp-content\/uploads\/2020\/07\/8A90FEE6-4C52-4C5A-B9FF-B9C5AA2FE3B5.jpeg?resize=1050%2C600&ssl=1 3x"},"classes":[]}],"jetpack_sharing_enabled":true,"amp_enabled":true,"_links":{"self":[{"href":"https:\/\/m365-boutique.fr\/index.php?rest_route=\/wp\/v2\/product\/1869","targetHints":{"allow":["GET"]}}],"collection":[{"href":"https:\/\/m365-boutique.fr\/index.php?rest_route=\/wp\/v2\/product"}],"about":[{"href":"https:\/\/m365-boutique.fr\/index.php?rest_route=\/wp\/v2\/types\/product"}],"replies":[{"embeddable":true,"href":"https:\/\/m365-boutique.fr\/index.php?rest_route=%2Fwp%2Fv2%2Fcomments&post=1869"}],"wp:featuredmedia":[{"embeddable":true,"href":"https:\/\/m365-boutique.fr\/index.php?rest_route=\/wp\/v2\/media\/1867"}],"wp:attachment":[{"href":"https:\/\/m365-boutique.fr\/index.php?rest_route=%2Fwp%2Fv2%2Fmedia&parent=1869"}],"wp:term":[{"taxonomy":"product_brand","embeddable":true,"href":"https:\/\/m365-boutique.fr\/index.php?rest_route=%2Fwp%2Fv2%2Fproduct_brand&post=1869"},{"taxonomy":"product_cat","embeddable":true,"href":"https:\/\/m365-boutique.fr\/index.php?rest_route=%2Fwp%2Fv2%2Fproduct_cat&post=1869"},{"taxonomy":"product_tag","embeddable":true,"href":"https:\/\/m365-boutique.fr\/index.php?rest_route=%2Fwp%2Fv2%2Fproduct_tag&post=1869"}],"curies":[{"name":"wp","href":"https:\/\/api.w.org\/{rel}","templated":true}]}}