{"id":880,"date":"2021-04-07T21:32:49","date_gmt":"2021-04-07T19:32:49","guid":{"rendered":"https:\/\/m365-boutique.fr\/produit\/batterie-pour-xiaomi-m365-pro"},"modified":"2024-07-16T19:14:49","modified_gmt":"2024-07-16T17:14:49","slug":"batterie-pour-xiaomi-m365-pro","status":"publish","type":"product","link":"https:\/\/m365-boutique.fr\/?product=batterie-pour-xiaomi-m365-pro","title":{"rendered":"Batterie pour Xiaomi M365 Pro"},"content":{"rendered":"<p>Batterie 36V pour Xiaomi M365 Pr<span style=\"font-family: Arial, Helvetica, sans-serif;font-size: 12px;font-style: normal;font-weight: normal;letter-spacing: normal;text-align: start;text-indent: 0px;text-transform: none;text-decoration: none;float: none\">o<\/span><\/p>\n<p><span style=\"font-family: Arial, Helvetica, sans-serif;font-size: 12px;font-style: normal;font-weight: normal;letter-spacing: normal;text-align: start;text-indent: 0px;text-transform: none;text-decoration: none;float: none\">Capacit\u00e9 : 12 800 mAh<\/span><\/p>\n","protected":false},"excerpt":{"rendered":"<p>Batterie 36V pour Xiaomi M365 Pro Capacit\u00e9 : 12 800 mAh<\/p>\n","protected":false},"featured_media":879,"comment_status":"open","ping_status":"closed","template":"","meta":[],"product_brand":[],"product_cat":[19],"product_tag":[],"class_list":{"0":"post-880","1":"product","2":"type-product","3":"status-publish","4":"has-post-thumbnail","6":"product_cat-boutique","8":"first","9":"instock","10":"sale","11":"purchasable","12":"product-type-simple"},"aioseo_notices":[],"jetpack-related-posts":[{"id":876,"url":"https:\/\/m365-boutique.fr\/?product=baterrie-pour-xiaomi-m365-essential-1s","url_meta":{"origin":880,"position":0},"title":"Batterie pour Xiaomi M365\/Essential\/1S","author":"m365boutique","date":"7 avril 2021","format":false,"excerpt":"Batterie 36V pour Xiaomi M365 \/ Essential \/ 1S Capacit\u00e9 M365 : 7 800 mAh","rel":"","context":"Avec 19 commentaires","block_context":{"text":"Avec 19 commentaires","link":"https:\/\/m365-boutique.fr\/?product=baterrie-pour-xiaomi-m365-essential-1s#comments"},"img":{"alt_text":"","src":"https:\/\/i0.wp.com\/m365-boutique.fr\/wp-content\/uploads\/2021\/04\/img_4990-3.jpeg?resize=350%2C200&ssl=1","width":350,"height":200,"srcset":"https:\/\/i0.wp.com\/m365-boutique.fr\/wp-content\/uploads\/2021\/04\/img_4990-3.jpeg?resize=350%2C200&ssl=1 1x, https:\/\/i0.wp.com\/m365-boutique.fr\/wp-content\/uploads\/2021\/04\/img_4990-3.jpeg?resize=525%2C300&ssl=1 1.5x, https:\/\/i0.wp.com\/m365-boutique.fr\/wp-content\/uploads\/2021\/04\/img_4990-3.jpeg?resize=700%2C400&ssl=1 2x, https:\/\/i0.wp.com\/m365-boutique.fr\/wp-content\/uploads\/2021\/04\/img_4990-3.jpeg?resize=1050%2C600&ssl=1 3x"},"classes":[]},{"id":1061,"url":"https:\/\/m365-boutique.fr\/?product=vis-couvercle-de-batterie-pour-xiaomi-m365-m365-pro-essential-1s-mi-scooter-3","url_meta":{"origin":880,"position":1},"title":"Vis couvercle de batterie pour Xiaomi M365\/M365 Pro\/Essential\/1S\/Mi Scooter 3","author":"m365boutique","date":"9 juin 2021","format":false,"excerpt":"17 Vis couvre batterie pour Xiaomi M365 \/ M365 Pro \/ Essential \/ 1S \/ Mi Scooter 3","rel":"","context":"Avec 1 commentaire","block_context":{"text":"Avec 1 commentaire","link":"https:\/\/m365-boutique.fr\/?product=vis-couvercle-de-batterie-pour-xiaomi-m365-m365-pro-essential-1s-mi-scooter-3#comments"},"img":{"alt_text":"","src":"https:\/\/i0.wp.com\/m365-boutique.fr\/wp-content\/uploads\/2021\/06\/img_5319.jpeg?resize=350%2C200&ssl=1","width":350,"height":200,"srcset":"https:\/\/i0.wp.com\/m365-boutique.fr\/wp-content\/uploads\/2021\/06\/img_5319.jpeg?resize=350%2C200&ssl=1 1x, https:\/\/i0.wp.com\/m365-boutique.fr\/wp-content\/uploads\/2021\/06\/img_5319.jpeg?resize=525%2C300&ssl=1 1.5x, https:\/\/i0.wp.com\/m365-boutique.fr\/wp-content\/uploads\/2021\/06\/img_5319.jpeg?resize=700%2C400&ssl=1 2x, https:\/\/i0.wp.com\/m365-boutique.fr\/wp-content\/uploads\/2021\/06\/img_5319.jpeg?resize=1050%2C600&ssl=1 3x"},"classes":[]},{"id":868,"url":"https:\/\/m365-boutique.fr\/?product=cache-prise-baterrie-pour-xiaomi-m365-m365-pro-essential-1s-mi-scooter-3","url_meta":{"origin":880,"position":2},"title":"Cache prise batterie pour Xiaomi M365\/M365 Pro\/Essential\/1S\/Mi Scooter 3","author":"m365boutique","date":"7 avril 2021","format":false,"excerpt":"Protection prise batterie pour Xiaomi M365 \/ M365 Pro \/ Essential \/ 1S \/ Mi Scooter 3 Cache aimant\u00e9 pour les modeles M365 Pro \/ Essential \/ 1S \/ Mi Scooter 3 qui permet de prot\u00e9ger des gouttes d'eau.","rel":"","context":"Avec 2 commentaires","block_context":{"text":"Avec 2 commentaires","link":"https:\/\/m365-boutique.fr\/?product=cache-prise-baterrie-pour-xiaomi-m365-m365-pro-essential-1s-mi-scooter-3#comments"},"img":{"alt_text":"","src":"https:\/\/i0.wp.com\/m365-boutique.fr\/wp-content\/uploads\/2021\/04\/img_4985.jpeg?resize=350%2C200&ssl=1","width":350,"height":200,"srcset":"https:\/\/i0.wp.com\/m365-boutique.fr\/wp-content\/uploads\/2021\/04\/img_4985.jpeg?resize=350%2C200&ssl=1 1x, https:\/\/i0.wp.com\/m365-boutique.fr\/wp-content\/uploads\/2021\/04\/img_4985.jpeg?resize=525%2C300&ssl=1 1.5x, https:\/\/i0.wp.com\/m365-boutique.fr\/wp-content\/uploads\/2021\/04\/img_4985.jpeg?resize=700%2C400&ssl=1 2x, https:\/\/i0.wp.com\/m365-boutique.fr\/wp-content\/uploads\/2021\/04\/img_4985.jpeg?resize=1050%2C600&ssl=1 3x"},"classes":[]},{"id":663,"url":"https:\/\/m365-boutique.fr\/?product=bms-complet-pour-xiaomi-m365-m365-pro-essential-1s-mi-scooter-3","url_meta":{"origin":880,"position":3},"title":"BMS complet pour Xiaomi M365\/Essential\/1S","author":"m365boutique","date":"11 novembre 2020","format":false,"excerpt":"BMS (Battery System Management) pour batterie de Xiaomi M365 \/M365 Pro \/ Essential \/ 1S Si votre de batterie ne marche plus (pas de clignotement des LED ou clignote rouge) alors il y a 90% de chance que ce soit un probl\u00e8me avec le BMS. Le BMS est fourni avec\u2026","rel":"","context":"Avec 3 commentaires","block_context":{"text":"Avec 3 commentaires","link":"https:\/\/m365-boutique.fr\/?product=bms-complet-pour-xiaomi-m365-m365-pro-essential-1s-mi-scooter-3#comments"},"img":{"alt_text":"","src":"https:\/\/i0.wp.com\/m365-boutique.fr\/wp-content\/uploads\/2020\/11\/007882D1-1E36-4D4A-9298-83B7D00AF35B.jpeg?resize=350%2C200&ssl=1","width":350,"height":200,"srcset":"https:\/\/i0.wp.com\/m365-boutique.fr\/wp-content\/uploads\/2020\/11\/007882D1-1E36-4D4A-9298-83B7D00AF35B.jpeg?resize=350%2C200&ssl=1 1x, https:\/\/i0.wp.com\/m365-boutique.fr\/wp-content\/uploads\/2020\/11\/007882D1-1E36-4D4A-9298-83B7D00AF35B.jpeg?resize=525%2C300&ssl=1 1.5x, https:\/\/i0.wp.com\/m365-boutique.fr\/wp-content\/uploads\/2020\/11\/007882D1-1E36-4D4A-9298-83B7D00AF35B.jpeg?resize=700%2C400&ssl=1 2x, https:\/\/i0.wp.com\/m365-boutique.fr\/wp-content\/uploads\/2020\/11\/007882D1-1E36-4D4A-9298-83B7D00AF35B.jpeg?resize=1050%2C600&ssl=1 3x"},"classes":[]},{"id":1899,"url":"https:\/\/m365-boutique.fr\/?product=cable-de-connexion-feux-arriere-pour-xiaomi-m365-m365-pro-essential-1s-mi-scooter-3","url_meta":{"origin":880,"position":4},"title":"C\u00e2ble de connexion feux arri\u00e8re pour Xiaomi M365\/M365 Pro\/Essential\/1S\/Mi Scooter 3","author":"m365boutique","date":"9 mai 2022","format":false,"excerpt":"C\u00e2ble de conexion feux arri\u00e8re pour Xiaomi M365 \/ M365 Pro \/ Essential \/ 1S \/ Mi Scooter 3 Permet de remplacer le c\u00e2ble qui relie la batterie \u00e0 votre feux arri\u00e8re de trottinette \u00e9lectrique.","rel":"","context":"Avec 6 commentaires","block_context":{"text":"Avec 6 commentaires","link":"https:\/\/m365-boutique.fr\/?product=cable-de-connexion-feux-arriere-pour-xiaomi-m365-m365-pro-essential-1s-mi-scooter-3#comments"},"img":{"alt_text":"","src":"https:\/\/i0.wp.com\/m365-boutique.fr\/wp-content\/uploads\/2022\/05\/img_6749.jpeg?resize=350%2C200&ssl=1","width":350,"height":200,"srcset":"https:\/\/i0.wp.com\/m365-boutique.fr\/wp-content\/uploads\/2022\/05\/img_6749.jpeg?resize=350%2C200&ssl=1 1x, https:\/\/i0.wp.com\/m365-boutique.fr\/wp-content\/uploads\/2022\/05\/img_6749.jpeg?resize=525%2C300&ssl=1 1.5x, https:\/\/i0.wp.com\/m365-boutique.fr\/wp-content\/uploads\/2022\/05\/img_6749.jpeg?resize=700%2C400&ssl=1 2x, https:\/\/i0.wp.com\/m365-boutique.fr\/wp-content\/uploads\/2022\/05\/img_6749.jpeg?resize=1050%2C600&ssl=1 3x"},"classes":[]},{"id":3581,"url":"https:\/\/m365-boutique.fr\/?product=sacoche-micro-usb-integre","url_meta":{"origin":880,"position":5},"title":"Sacoche Follow Up micro USB batterie externe int\u00e9gr\u00e9","author":"m365boutique","date":"29 f\u00e9vrier 2024","format":false,"excerpt":"Sacoche Follow Up Micro USB conn\u00e9ct\u00e9 - Gris - Tissu d\u00e9perlant - 3 Cables fourni ( USB type C\/MicroUSB\/Lightning ) Compatible pour Iphone\/Samsung\/PC portable jusqu'\u00e0 15.6\" - Batterie externe int\u00e9gr\u00e9e 7000 mAh - Port USB externe - Bandouli\u00e8re ajustable - Ce sac vous offre plusieurs rangements pour une organisation optimale\u2026","rel":"","context":"Article similaire","block_context":{"text":"Article similaire","link":""},"img":{"alt_text":"","src":"https:\/\/i0.wp.com\/m365-boutique.fr\/wp-content\/uploads\/2024\/02\/img_0799.jpeg?resize=350%2C200&ssl=1","width":350,"height":200},"classes":[]}],"jetpack_sharing_enabled":true,"amp_enabled":true,"_links":{"self":[{"href":"https:\/\/m365-boutique.fr\/index.php?rest_route=\/wp\/v2\/product\/880","targetHints":{"allow":["GET"]}}],"collection":[{"href":"https:\/\/m365-boutique.fr\/index.php?rest_route=\/wp\/v2\/product"}],"about":[{"href":"https:\/\/m365-boutique.fr\/index.php?rest_route=\/wp\/v2\/types\/product"}],"replies":[{"embeddable":true,"href":"https:\/\/m365-boutique.fr\/index.php?rest_route=%2Fwp%2Fv2%2Fcomments&post=880"}],"wp:featuredmedia":[{"embeddable":true,"href":"https:\/\/m365-boutique.fr\/index.php?rest_route=\/wp\/v2\/media\/879"}],"wp:attachment":[{"href":"https:\/\/m365-boutique.fr\/index.php?rest_route=%2Fwp%2Fv2%2Fmedia&parent=880"}],"wp:term":[{"taxonomy":"product_brand","embeddable":true,"href":"https:\/\/m365-boutique.fr\/index.php?rest_route=%2Fwp%2Fv2%2Fproduct_brand&post=880"},{"taxonomy":"product_cat","embeddable":true,"href":"https:\/\/m365-boutique.fr\/index.php?rest_route=%2Fwp%2Fv2%2Fproduct_cat&post=880"},{"taxonomy":"product_tag","embeddable":true,"href":"https:\/\/m365-boutique.fr\/index.php?rest_route=%2Fwp%2Fv2%2Fproduct_tag&post=880"}],"curies":[{"name":"wp","href":"https:\/\/api.w.org\/{rel}","templated":true}]}}